 = 14, 8835 = 3*w - 3*h. Is (31/(-93))/((-1)/w) composite?
False
Suppose 3*g - 3*a - 9 = 0, g = -4*g - 4*a - 12. Suppose l - 82 - 626 = g. Suppose j = 653 + l. Is j prime?
True
Suppose 8*m + 9*m + 11*m - 860972 = 0. Is m a composite number?
True
Let t(b) = 36877*b**2 + 55*b - 211. Is t(3) composite?
True
Let v = -9 + 11. Suppose -v*m = m + m. Is 5 + -9 - (m + -2) - -69 composite?
False
Suppose 9*o - 8 = 5*o, 2 = -4*b + o. Suppose b = -5*u - 0*u, -3*u = -2*t + 41786. Is t a composite number?
True
Suppose 119350 = 13*u + 22318. Let j = u + -2642. Is j prime?
False
Let s = 192625 + -51192. Is s prime?
False
Let l be 20/(-1 - 4) - -5 - -1. Suppose 4*j = l*q - 1706, 0 = -11*j + 6*j - 5. Is q prime?
False
Let j be ((317964/15)/4)/((-10)/(-50)). Let k = -15812 - j. Is (-2)/((-12)/k*(-3)/2) a composite number?
True
Let j(y) = 25*y**2 + 5*y + 13. Suppose -2*z + 70 = 8*z. Suppose -14 = -k - z. Is j(k) prime?
False
Let z = -75377 - -110988. Is z composite?
True
Let x = -54 + 56. Suppose -x*k - 3*s + 0*s + 558 = 0, -5*s - 10 = 0. Suppose 2*t + 5*j - k - 1452 = 0, t + 3*j - 865 = 0. Is t a prime number?
True
Let k(y) = 664*y**2 - 9*y + 51. Let q be 18 + -5 + -3 - 6. Is k(q) a prime number?
True
Let m be 126/2*18/63. Is 14 - m - 5538/(-1) composite?
True
Let x(j) = 6575*j - 49. Let o(w) = 2*w - 2. Let l(t) = -4*o(t) + x(t). Is l(4) a composite number?
False
Let f(s) = -s**2 - 18*s + 22. Let k be f(-16). Let c = 57 - k. Suppose -n + 365 - 20 = -b, -n = c*b - 329. Is n a prime number?
False
Suppose 27 + 125 = 4*n. Let t = n - 40. Is 1478 + t/((-8)/12) composite?
False
Let u = -3109 - -10108. Let o = -88 + u. Is o prime?
True
Suppose -15*j = -13*j + 8. Is 0 + j - (0 + -7505) composite?
True
Let y(b) = -3*b - 97*b**2 + 50*b**2 + 48*b**2 + 7. Let n be y(6). Suppose n*s = 26*s - 265. Is s a prime number?
False
Let g be (177/(-9))/(5/(-510)). Let u = g - 1155. Is u composite?
True
Let u(i) = 28365*i + 2681. Is u(36) composite?
False
Let z(g) be the first derivative of 231*g**2/2 - 158*g - 76. Is z(27) prime?
True
Let t be -1*(-18491)/(-33)*(1 - -8). Let q = -932 - t. Is q a composite number?
False
Suppose 932284 - 27499 = 88*p - 744511. Is p prime?
False
Suppose 0*t + 4*x = -4*t - 3728, 4*t = -x - 3740. Let p = -349 - t. Is p a composite number?
False
Let d(x) = -54979*x + 804. Is d(-7) a composite number?
False
Let s(g) = 8973*g**2 - 83*g - 239. Is s(-3) a composite number?
True
Let s be (-6)/4*892/(-3). Let t = 136 + -251. Let x = t + s. Is x composite?
False
Let o(y) = 1219*y**2 + 3*y - 1. Let s(w) = 1220*w**2 + 3*w - 1. Let t(b) = 3*o(b) - 2*s(b). Is t(-2) a composite number?
False
Let s(h) = -2*h**3 - 9*h**2 - 157*h - 2066. Is s(-75) a composite number?
True
Let k = -7 - -16. Let s = -11 + k. Is 2/12*s*-9 + 404 a prime number?
False
Suppose 0*h + 2*h = -10. Let u be h + 5 - (0 + -4). Suppose u*a - 8*a + 2*p = -1594, -5*a + 5*p = -1995. Is a prime?
False
Let z = 37 + -37. Let o be z - (-4 + 1 + 3). Suppose 2*v + o*k - 1250 = 4*k, 3*v = k + 1890. Is v composite?
False
Let d be (42/4)/(-7) - (-9)/6. Suppose -4*y = d, -5*v - 4*y + 1599 = -4856. Let q = v + -756. Is q prime?
False
Suppose -u + 85 = 72. Suppose 2*t + u*g - 69 = 10*g, t - 34 = -g. Is t a composite number?
True
Let l = 332360 - 167631. Is l a prime number?
True
Let j be 514 + -2 + 2/1. Let u = 127 + j. Is u prime?
True
Is (-4588290)/(-198) - (144/66 - 2) composite?
False
Suppose -39 + 18 = -3*c. Suppose c*i - 3072 = -5*i. Suppose 1814 - i = 2*j. Is j composite?
True
Let v(i) = -600*i**3 - 7*i**2 + 11*i + 37. Is v(-4) composite?
False
Suppose 19*y + 161 = -4*y. Let d(x) = -173*x - 70. Is d(y) a composite number?
True
Let a be -4 - (1 - 3 - 17). Suppose a*s = 16*s. Is 17*8 - (3 - s) composite?
True
Let a(s) = -289*s + 49. Let k be a(-22). Suppose 0 = 3*o + 686 - k. Is o a composite number?
False
Suppose 0 = 45*q - 49*q + w + 90043, w = q - 22510. Is q composite?
False
Suppose -3*p - 9 = 4*m + 5, 4*p - 4*m - 28 = 0. Suppose -1 = l + 2*x + p, 2*l - x = -1. Is l/(-2)*(13 - -453) a composite number?
False
Let f be 2/(-14)*71 + (-36)/(-252). Is 0*(-1)/(-3) - (-204 + f) a composite number?
True
Is ((-9967229)/(-133))/(7/49) prime?
True
Let r(f) = -28*f - 133. Let b be r(11). Let z = 21610 - b. Is z a composite number?
False
Is 2733156159/(-4244)*(-2)/(-3)*-2 a composite number?
False
Let u be 405/20 + -3 - (-9)/12. Is (-2)/9 + (-2 - (-1516)/u) composite?
True
Suppose 0 = 16*m - 14*m - 163922. Is m a prime number?
False
Let q = 272961 - 79204. Is q composite?
False
Let v = -1227 - -782. Let s = v + 217. Is ((-127)/(-4))/((-3)/s) prime?
False
Let k(v) = -4 - 16*v + 10*v - 100*v + 2. Let q be k(-7). Let t = q + -271. Is t composite?
True
Let w(g) = 16*g + 7. Let b(o) = -o + 6. Suppose 0 = -12*f + 14*f + 14. Let y be b(f). Is w(y) a composite number?
True
Let j(n) = -519*n**3 - 27*n**2 + 36*n + 53. Is j(-6) composite?
False
Let h be 5 + 0 + 207960/8. Suppose 8*r - h = 84248. Is r a prime number?
True
Let d(o) = -35*o**3 + 2*o**2 + 4*o + 4. Let n = -24 - -27. Suppose -3*q = -3*c - 0*c + 6, -3*c = n. Is d(q) a prime number?
False
Suppose 4*s = 4*m - 3*m + 136, -3*m + 170 = 5*s. Suppose -s*n + 1995 = -89975. Is n prime?
False
Let z(h) = 602*h**2 - 2. Let c be z(-2). Let q = -1306 - -2717. Let r = c - q. Is r a composite number?
True
Let f(q) be the first derivative of q**4/4 + 11*q**3/3 - 17*q**2/2 + 9*q - 699. Let n be (0 - 8/(-6))*-9. Is f(n) prime?
False
Let m = -102 + 305. Suppose 4 = -0*j + 2*j. Is 4 - (-29)/j*(m - 1) composite?
True
Let k = 175566 - -135295. Is k a prime number?
True
Is 1251016/136 - (-54)/153 a prime number?
True
Let d = 851 + -521. Suppose 4*h + d = 3*k, 4*k = -h - k - 71. Let c = 1232 + h. Is c prime?
True
Suppose 11464039 + 11988733 + 19757841 = 151*a. Is a a prime number?
True
Let f = 378649 - 207980. Is f a composite number?
False
Let t be (-2 - -1)*3 - -10. Let i(c) = 12*c**3 - 12*c**2 - 5*c - 13. Let g be i(10). Suppose -2246 = t*b - g. Is b a composite number?
False
Is 7 - (-6 + -7415 + -10) prime?
False
Let p = -1590 + 3314. Let a = p + -1225. Is a composite?
False
Let l(n) = 434*n**2 - 31*n - 212. Is l(-9) a composite number?
False
Suppose -4*x + t = -191875 - 631284, -x - 2*t = -205783. Suppose -x = -32*r + 13*r. Is r a prime number?
True
Suppose 3*o = b + 1204618, -2*b = 1216*o - 1215*o - 401558. Is o prime?
False
Suppose -2*i + 60*i = 694492. Is i prime?
False
Let t be (-2)/8 - 3/((-12)/71701). Suppose -2*w = 3*w - t. Let l = 5128 - w. Is l a composite number?
False
Suppose -16*c - 15712 = -144656. Is c prime?
True
Is (-3)/2*(353915/(-15) + -1) prime?
True
Let v(k) = -3*k**3 - 2*k**2 + 2*k - 30. Let t be v(11). Let a = 10428 + t. Is a composite?
True
Suppose 21*s + 201 = 579. Is 8/s - (-153915)/27 prime?
True
Let g be 86/10 + ((-18)/(-10))/(-3). Let n(l) = 4 - 5 - 4 + g*l + 0. Is n(6) composite?
False
Suppose 4*f - i - 3 = 0, 4*i - 14 = 3*f - 0*i. Let y(g) = -g**3 + 48 - 8*g - 36 + 14*g**f + 2*g**2. Is y(7) composite?
False
Let j = 9118 + 740113. Is j a prime number?
False
Let b be (1 - 17)*-2*(-4456)/(-8). Suppose 39*c - b = 7*c. Is c prime?
True
Suppose -2589159 = -2*v + t, 14 = 18*t - 16*t. Is v composite?
False
Is (-54862)/(-4)*(-1558)/(-123) + (-4)/6 a composite number?
False
Let y = 797106 - 506027. Is y composite?
True
Let j(q) = -5830*q + 261. Is j(-5) composite?
False
Suppose 5*n = -6*w + w + 122530, -5*w + 122516 = -2*n. Suppose 24511 = j - 2*l, 21*j - w = 20*j - 5*l. Is j a prime number?
True
Let f(d) = 3*d**2 + d - 3. Let k be 0*4/(-16) + -4. Let l be f(k). Let g = 124 - l. Is g a composite number?
False
Let s be 212498/156 + (-1)/6. Suppose 5*q + 3*h = 25931, -3835 = -q + 3*h + s. Let l = 7583 - q. Is l a composite number?
True
Let o(h) be the second derivative of -h**5/20 - h**4/3 - h**3/2 + h**2 - 9*h. Let x be o(-3). Suppose x*c - 4*c + 758 = 0. Is c a composite number?
False
Is ((-8)/5)/(57/((-122323710)/8)) a prime number?
False
Suppose -3046864 - 63110 = -6*c. Is c a prime number?
False
Suppose r = -s + 262558, 5*r - 28*s + 29*s = 1312778. Is r a prime number?
False
Let k be (-3 + 14/4)/((-2)/(-196)). Let q = -30 + k. Let x(d) = 18*d + 35. Is x(q) prime?
False
Suppose i - 6 = -1, 4*i + 236035 = 3*h. Is h prime?
False
Let g(m) be the second derivative of -